 - 0 - (-40 - (-42 - 8))?
36
What is -69 - (-40 - 22) - -16?
9
51 + (111 - 172) - (4 - -63)
-77
What is the value of -1 - (54 + -135) - 82?
-2
What is 63 + -91 + 109 + 47?
128
Evaluate 45 + (-2 + 19 - (54 - (58 + -5))).
61
What is the value of 23 - (9 + -2 + 13 + (-43 + 25 - 5))?
26
What is 43 + (-75 - -29) + 0 + 1 + -33?
-35
Calculate 3 + -4 + -3 + (-313 - -318).
1
(16 - -35 - 17) + (-2 - (3 - 3 - 1))
33
What is the value of -8 - (-4 + -59) - (-16 + -8 - -39 - 0)?
40
What is (8 - -14) + -11 + 1 + -53?
-41
-28 - (0 + 21 - 19)
-30
Evaluate 81 + -83 + (-47 + 0 - (3 + -9)).
-43
Calculate (3 + -43 + 28 - -27) + 92.
107
Evaluate (53 - 30) + -21 + -37 + 12.
-23
What is -50 - -20 - (-3 - -21)?
-48
Evaluate 2 - (-27 + -27 + (-20 - 10)).
86
What is 15 - 1 - (-65 - (-40 + -13 + 29))?
55
What is (23 - 46) + -30 - (-2 - (-4 + 7))?
-48
What is the value of -60 - (-89 + 133) - -35?
-69
Calculate -12 + -23 + 8 + 18 - -8 - 5.
-6
What is (21 - (-19 - 6)) + -39?
7
Evaluate -5 + -5 + (2 - -1 - 0) + -1783 + 1693.
-97
What is 51 - (103 - 80) - -5?
33
Calculate (94 - (-106 - -180)) + (-77 - 0).
-57
Calculate -115 + 46 + 38 + (-1 - -6 - 19).
-45
Calculate 10 + 1 - (-34 - -18).
27
-12 - (-21 + 29 + 7)
-27
9 - ((-14 - ((11 - 7) + -24)) + 56)
-53
What is the value of -4 + 5 + (19 - (19 + 49)) + 8?
-40
(-2 + 31 - (-467 + 502)) + 117
111
What is the value of 0 - (-4 + -16 - -40) - -12?
-8
Evaluate 95 + -33 - (6 + 64).
-8
Evaluate (-3 - 0) + 0 - (-32 - -36 - (-4 + 18)).
7
What is 17 + (1 - 10) + -14 - (8 - 20) - 12?
-6
Evaluate ((-33 - -24) + 10 - 10) + 78.
69
Calculate 0 + -1 - (-1 - 36) - (13 + (-50 - -36)).
37
What is the value of (-1 - -61 - (18 + -19)) + -23 + -14 + 25?
49
-12 + 1 + (-1 - -35) + -16
7
What is the value of 3 - (25 + -22 + 22) - -40?
18
50 - (21 - (11 + -4 + 1))
37
Evaluate 36 + -23 + 85 - (1 + 4) - -5.
98
-26 + -10 + 38 + -44
-42
What is -58 + (-36 - -34) + 8?
-52
-194 - -171 - (-59 - 23)
59
(-8 + -15 - 14) + (-11 - 53)
-101
Calculate -6 - (-11 + (1 + 16 - 3) + 36).
-45
-83 - (8 + -49 - 34)
-8
Evaluate 126 - (-3 - (-18 + 0 - (-548 - -536))).
123
Evaluate 25 - 9 - (-3 + -24 + -15).
58
What is -165 - -126 - (23 - 76)?
14
What is (-3 - (-24 - (21 - 23))) + -32?
-13
-5 + -4 + 20 + -50 + 29 + -3
-13
Calculate (8 - 1) + 9 - (25 + -18 - 14).
23
(-2 - 3) + -108 + 99 + (2 - 1) + 10
-3
(2 - -12 - (-6 + (-19 + 16 - -20))) + 69
72
-31 - -6 - -38 - (-7 - -9 - -6)
5
What is the value of 24 - (-3 - -30 - 34)?
31
What is the value of 7 + -19 - (-22 + 9) - (-21 + 1 + -5)?
26
What is 27 + (-32 - -19) + -2 - (3 - -40)?
-31
Evaluate -14 + (-18 - (-13 + (22 - 0 - (0 - -11)))).
-30
Calculate 1 + 18 + -84 + 55 + (18 - -3).
11
Evaluate -5 + (-29 + -14 - (-1 + (1 - -2) + -4)).
-46
What is -35 + 127 + -56 + 15?
51
What is the value of 2 + -2 + 0 + -3 + 32 + 23 + -60?
-8
43 - (1 - (15 - (4 + 5)) - -6)
42
What is the value of (-59 - 85) + -91 + 145?
-90
Calculate (-7 + 2 - (5 - 8)) + (549 - 559) + -45.
-57
What is 10 + -14 + (1 + 48 - (-13 + -6 + 20))?
44
Calculate (166 - 167) + (-11 - -1) + 11 - (0 - 17).
17
Evaluate (-29 - -17) + (3 - -24) - (-2 + 30).
-13
What is the value of -8 + (5 + 1 - 1) - (0 + 32)?
-35
What is the value of (9 - (7 - -23) - (-35 - -28)) + -72?
-86
Calculate -15 - (-5 - (-19 + 18) - 3).
-8
Evaluate -8 + (0 - 4) + 9 + 30.
27
What is -5 - (-9 - (-8 - -5)) - ((-47 - 1) + 26)?
23
Calculate (-6 + -7 - -7 - -1) + 7 + 3 + -98.
-93
4 - ((-22 - (8 - -3 - 11)) + (0 - -2))
24
What is -11 - 1 - ((18 - 29) + 24 + 5)?
-30
What is (-302 + 308 - (0 - -3 - 4)) + -8?
-1
What is the value of -73 - 0 - (-12 + -12 + 17 + -8 + 5)?
-63
Calculate 18 + 28 + (3 + -12 - ((8 - 8) + -1)).
38
(56 - (50 + -20) - 11) + (1 - 16)
0
-67 + 80 - (-8 + -17)
38
Evaluate -4 + -2 + -5 - (344 - 362).
7
Calculate -7 - (0 + -17 - (-123 + 116)) - 16.
-13
Calculate (19 - 24 - -6) + 14 + -3.
12
Calculate 120 + -2 + 0 + (-186 - (-125 - 65)).
122
What is the value of (1 - 25 - (305 + -341)) + (0 - 2)?
10
What is 4 + 74 + -22 + -17?
39
Evaluate (10 + -3 - (0 + -2)) + (97 - 33) + -39.
34
66 + -53 + 2 + 72 - (12 - 1)
76
What is -22 - ((-45 - 63) + 70)?
16
What is the value of -49 + 7 + -14 + (-15 - -6) + -4 + 1?
-68
Calculate 26 - -1 - (-88 + 27 - -121).
-33
Evaluate (0 - (2 + -14 - -5 - -5)) + 11.
13
Calculate 2 + (-37 - -58) + 15.
38
Evaluate 0 + 42 - (-5 + 9 - (43 - (30 - -18))).
33
What is the value of -6 + (-8 - 0) + -513 + 536 - 20?
-11
Calculate -67 + 2 + -180 + 167 + (21 - -1).
-56
125 + -1 + -103 + -242 + 312
91
What is the value of (-198 + 186 - (-11 + -3 + -2 + 0)) + 124?
128
Calculate -1 + -4 - ((-13 - -14) + 7 + -2).
-11
What is the value of (-52 - (-38 + -21)) + (-8 - 46)?
-47
Calculate 3 + 3 - (-14 + (-2 - -5) + -666 + 677).
6
104 + -130 - 23 - -129
80
Evaluate 69 + (-8 - (2 + -3)) - (120 + -122).
64
Evaluate -4 - 1 - (0 - -81 - (-1772 - -1768)).
-90
16529 + -16528 - ((87 - 0) + -1)
-85
What is the value of (-6 + (-4 - 0) - (-63 + (-18 - -6))) + 5?
70
-183 + (136 - (138 + -137))
-48
-73 + 122 - (-9 + -3 + 3 + -1 - -5)
54
Calculate 48 + -3 - (-17 + -57 + 13).
106
-32 + (0 + 3 + 0 + 4 - (228 + -232))
-21
Evaluate 5 - (26 + -40 + -1 + 72) - -7.
-45
What is (17 - 36) + -13 + 31 - 16?
-17
23 - (-3 + 0 + 35 + -53)
44
Evaluate 3 + -1 + -2 + 25 + (-14 - 18).
-7
What is -40 - (-27 - (18 + -47))?
-42
What is the value of 86 - 87 - (-2 + -20) - (-85 + 7)?
99
-6 + 0 - (-10 + -8 + (34 - 43) + 25)
-4
What is the value of -14 - -4 - 0 - ((47 - 27) + -40)?
10
What is (-18 - (2 + -12)) + -45 + (6 - (1 + 2))?
-50
What is the value of (-2 - 2) + 1 + 1 + 15 - 68?
-55
Evaluate -62 - (48 + 23 - 81 - (0 + -8)).
-60
What is (86 - (-10 - 0 - -20)) + 10 + (0 - -3)?
89
Evaluate 61 + -49 - ((15 - (-3 + 9)) + -5).
8
What is the value of -3 - (9 + -8 + 11 + -22 - -15)?
-8
What is 0 - (-16 + (-7 - -32) + -4) - -3?
-2
What is 46 - (12 - (20 + (-11 - -9)) - 1)?
53
What is the value of 61 + (79 - 56) + -64?
20
What is the value of -623 + 576 - (0 + -46)?
-1
What is -22 + (33 - 31) + 34 - (1 - -5)?
8
What is the value of 60 + 3 + (-319 - -313)?
57
What is the value of 4 + (-43 - -44) + 0 + 4 + -8?
1
Evaluate 175 - (133 - 137) - 139.
40
What is -77 + (-61 - -110) + -14?
-42
What is 1 + (-14 - -2) + 10 + 0 + 54?
53
Evaluate (27 - 1 - (-1 + 3 - -11)) + -1.
12
-279 - -361 - (31 + 19)
32
What is the value of -24 - (-24 + 31) - -68?
37
-1 - -85 - (56 + -44) - (50 + -31)
53
63 - (-50 + 55 + -6 + (2 - -18))
44
What is the value of (9 - 2 - -1) + 2716 + -2719?
5
What is the value of 6 + 16 - (30 - -47) - (7 + -8)?
-54
What is the value of -19 - (21 - -22 - 97)?
35
What is (-14 + 31 - 15) + (2 - -97) - (14 - 6)?
93
What is -14 - (-40 + 77 + -58)?
7
(18 + -20 - 41) + (28 - 6)
-21
Calculate -12 - (-24 - -4) - -38 - 26.
20
What is the value of 55 - (1 - (-19 - -2))?
37
1 + (5 - 5 - 101) + 4 + 434 + -428
-90
What is -46 + 15 + (8 - -2) - -23?
2
Evaluate 10 + 0 + -23 + 163 + (-112 - 20).
18
(71 + -3 - -1) + 9 + -2 + -13
63
What is the value of -37 + -27 + -26 - (-6 - (0 - -10))?
-74
Calculate (-6 - (-3 + 39 + -2 + -6)) + 11.
-23
(-3 + (-14 - -12) - -33) + -42
-14
Evaluate (-49 - -23) + 79 - 146.
-93
Evaluate 21 - (2 + -3 - (77 - 71) - 1).
29
What is -6 - -15 - -38 - (13 + -16 - 0)?
50
Evaluate -42 + 2 + -4 + (-36 - -44) + -4.
-40
Evaluate 181 - (-98 - -43 - -124).
112
What is -22 + -12 + (227 - 261)?
-68
What is 11 - 31 - -10 - (0 + 4 + -2)?
-12
What is the value of -525 + 539 + (1 - -128) - (18 + -3)?
128
What is -1 + (2 + -2 - -7 - (0 + 4))?
2
What is 6 + 4 + -3 + -4 + -5 + -12 + 10?
-4
Calculate -61 + (-50 - -140) + -41.
-12
What is the value of 1 + (7 - (7 + 2)) + (-11 - (6 + -13))?
-5
Evaluate 103 - (-21 - (-135 - -135)).
124
Calculate 0 + 0 + 25 + (-18859 - -18809).
-25
Calculate -3 - (7 + 2 + (-8 - (10 - 7)) + 6).
-7
-27 + (-20 - -27) + 22 - -69
71
Calculate 107 - (23 - (-40 + -86)).
-42
-37 + 38 + (-8 + 5 - 8 - -3)
-7
Calculate (170 - (30 - -72)) + 15 + (2 - -1).
86
(23 - 27) + (-10 - -16 - 14) - (89 + 3)
-104
What is -4 + (-18 + 4 - -4 - -25) + -17?
-6
Calculate 15 + -12 - (-12 + 21 - 12).
6
Calculate 44 + 0 + 4264 + -4284.
24
-95 + 11 + 24 + 6 + -6
-60
What is the value of (-249 - -228) + (13 - 4) + -22?
-34
(0 - (0 + -6)) + 4 + -53 + 28 - -8
-7
132 + -62 + -167 + -8
-105
Evaluate 18 + (-5 - (50 - 32)).
-5
-19 + -55 + 80 - (-